he units digit of f?
1
Suppose 2*n - 107 = 15. What is the tens digit of n?
6
Let m be ((-32)/20)/(2/(-5)). Suppose -145 = -m*a - a. What is the units digit of a?
9
Let x(m) = 4*m**2 + 2*m - 2. Let a be x(-2). Suppose -3*d + 98 = -a. What is the tens digit of d?
3
What is the hundreds digit of -1*6/12*-816?
4
Let h be (8/(-12))/((-2)/3). Let s = h + 19. Suppose -4 = 2*j - s. What is the units digit of j?
8
Suppose -4*k + 27 - 2 = -5*r, -15 = -2*k + 5*r. What is the units digit of (7/3)/(k/90)?
2
Let l(s) = 3*s - 1. Let o be l(2). Let b(f) = 3*f**2 - 3*f - 11. What is the tens digit of b(o)?
4
Let z = 2 - 0. Suppose z*n = n + 3. What is the units digit of n?
3
Suppose 5*j - 295 = m - 6*m, j - 233 = -4*m. What is the tens digit of m?
5
Suppose 22 = 5*h - 5*w - 13, -3*h - 5*w = 3. Let c = h + 0. Suppose -4*v + 24 = c*u, 0 = -2*u + 5*v + 6 - 1. What is the units digit of u?
5
Let t(m) = 9*m. Let r be (-1)/(0/3 - 1). What is the units digit of t(r)?
9
Suppose x - 7*x = -570. What is the units digit of x?
5
Let l(s) = -s**2 - 26*s - 14. What is the hundreds digit of l(-10)?
1
Let o(v) = 22*v - 31. What is the tens digit of o(11)?
1
Suppose -3*t = -209 + 32. What is the units digit of t?
9
Suppose w = 3*k + 47, 0 = -w - 3*w - 3*k + 248. What is the tens digit of w?
5
Suppose -2*o = 2*o - 4. Let t(m) = -m**3 + o + 3*m**3 - m**3 + 0*m**3 + 5*m**2. What is the tens digit of t(-4)?
1
Let g = 20 - 17. Suppose -g*x + 48 = -0*x. What is the units digit of x?
6
Let g = 14 - 8. Let r = g - 6. Suppose -u + 7 = -r*u. What is the units digit of u?
7
Let b(u) = 2*u**2 - 4*u + 5. What is the units digit of b(-4)?
3
Suppose 4*y = -y. Suppose y = 4*c, -6*m - c + 60 = -3*m. What is the tens digit of m?
2
Let x = -7 - -10. Suppose x*w - 129 = -0*w. What is the tens digit of w?
4
Let p = 130 + -60. Suppose 4*z = -3*b + p, 2*z = -4*b - 3*z + 95. What is the tens digit of b?
3
What is the units digit of (11 - 3)*-1*60/(-8)?
0
Suppose 0*u + 3*u + 59 = 5*q, -5*q = -2*u - 56. Let m = q - 9. What is the units digit of m?
1
Let x = -3 + 15. Suppose 0*q = q + x. Let c = q + 27. What is the units digit of c?
5
Suppose 3*j - 2 = 4. Suppose d = j*y + 1 + 3, -y - 1 = 0. Suppose 4*m - c - 13 = 0, -2*m + 13 = d*c - 1. What is the units digit of m?
4
Let i be 7/(-5) + (-10)/(-25). Let m = 0 - i. What is the units digit of 2*(2 + m/(-2))?
3
Suppose -5*h = -5*i - 115, -5*h + i + 169 - 42 = 0. What is the tens digit of h?
2
Let z(d) = -d**2 + 8*d + 21. What is the units digit of z(10)?
1
Suppose -16 = y + 3*y, 0 = -5*a - 3*y - 2. Suppose -a*x = -x - 27. Suppose -f - 9 = -x. What is the tens digit of f?
1
Suppose -132 = -2*a + 68. What is the tens digit of a/(-8)*2*-1?
2
Suppose 23 = -3*p + 5. What is the units digit of (-2 + (-3)/(-6))*p?
9
Let x = -56 - -102. What is the units digit of x?
6
Let c(v) = -2*v**2 + v + 1. Let j be c(2). Let p = 11 + j. What is the units digit of p?
6
Suppose -19 = -4*d - 2*x - 3, -2*d = 5*x. Let f be 0 - (0 + -2) - -6. Suppose d*n = 4*n + f. What is the units digit of n?
8
Let a(n) = 30*n**2 + 4*n - 4. What is the tens digit of a(2)?
2
Suppose 4*b - z - 95 = 0, -2*b + 16 = z - 27. What is the tens digit of b?
2
Suppose 0*t = -2*t + 2. Let o be t/(-3) - (-5)/15. Suppose 4*n - 7 = 3*s + 69, o = -3*n - 3*s + 36. What is the tens digit of n?
1
Let z = 6 - 2. Suppose -r - 4*l = 16, r + 2*r - z*l = 16. Let h(u) = u + 5. What is the units digit of h(r)?
5
Let p(w) = w**3 - 5*w**2 + 6*w - 3. Let u be 4/12 - 17/(-3). Let t be p(u). What is the units digit of t/12 + (-1)/(-4)?
6
Suppose -3*i + 85 = 4*o, -o - 3*i = -2*i - 22. What is the units digit of o?
9
Let s(z) be the first derivative of -z**3/6 + 11*z**2/2 - 2*z - 2. Let b(r) be the first derivative of s(r). What is the units digit of b(6)?
5
Suppose 0*y - 40 = -4*y. Let p be 2/(-10) + (-8)/y. What is the units digit of -2 + (-1 - -5) - p?
3
Let n be (-111)/(-39) - 4/(-26). Suppose 5*z = 3*s + 55, 4*z + n*s = -2*s + 44. What is the tens digit of z?
1
Let x be 11*(-3 - -2)*-2. Suppose -65 - x = -3*i. What is the tens digit of i?
2
Suppose 2*i + 3*h = 4*i - 13, 5*i + 5*h = 20. Suppose -r + i*r = -4*t + 132, 2*t = -5*r + 69. What is the units digit of (-1 + 2)/(4/t)?
8
Let n = -3 + 3. Suppose -4*s - s + 5*i = 20, n = -4*s + 3*i - 14. Let p(w) = -2*w**3 - w**2 + 3*w + 1. What is the units digit of p(s)?
7
Let b = 120 + -68. Let q = b - 15. What is the tens digit of q?
3
Suppose 0 = 3*w - 108 + 51. What is the units digit of w?
9
Let i = 85 + -36. What is the units digit of i?
9
Suppose 2*m = -0*m + 2. Let o(p) = 13*p**3 - p**2 - p + 1. Let s be o(m). Suppose 0 = q + q - s. What is the units digit of q?
6
Let i(j) = j**2 - 3*j - 3. Let f be i(4). Let n(b) = -5*b + 4*b + 1 + 2*b**3 + 0 - b**2. What is the units digit of n(f)?
1
Suppose 4*j - 5*l = 35, -12 = -j - l - l. Suppose -4*m = m - j. Suppose k - 12 = m. What is the units digit of k?
4
Let r be 13 - 12 - (2 - 0). What is the tens digit of (2 + r)/((-3)/(-69))?
2
Suppose -b = -3*r - 52, r = -2*b - 14 - 1. Let z = 33 + r. What is the tens digit of z?
1
Let m be (2 + -4 - -2) + 4. Suppose -m*x = 3 - 23. Suppose -x*b + 20 = -10. What is the units digit of b?
6
Suppose 3*o = 0, 0*b + 2*o = 3*b - 84. Suppose 5*c - b = c. Let w = c + -6. What is the units digit of w?
1
Let f(v) = 2*v**2 + 17 + v - 9 - 12. What is the tens digit of f(4)?
3
Suppose -o - 2*n + 67 = -4*n, 97 = o + 4*n. What is the tens digit of o?
7
Suppose -5*k = -2*i - 25, i - 11 = -2*k + 2*i. Suppose -k*b = -18 - 24. Suppose b - 62 = -4*l. What is the units digit of l?
2
Let u = 41 + -13. What is the units digit of u?
8
Suppose -3*i + 2 = -10, 2*s - 3*i = -50. Let l = s + 28. What is the units digit of l?
9
Let k(t) = 3*t - 5. Let b(a) = 2*a - 7. Let n be b(6). What is the units digit of k(n)?
0
Suppose 7*t - 191 - 208 = 0. What is the units digit of t?
7
Let n(k) be the first derivative of 2/3*k**3 + 3/2*k**2 - 1 + 3*k. What is the units digit of n(-2)?
5
Suppose 2*d - 3*g - 39 = 0, d = -0*d - 2*g + 2. Suppose -d = z - 43. What is the units digit of z?
1
Suppose 0*s - 2*o = s + 21, 0 = 3*s + 5*o + 66. Let c = s + 67. What is the tens digit of c?
4
Let z = -18 - -13. Let l(f) = f**3 + 5*f**2. Let w be l(z). What is the units digit of 0 - (-6)/2 - w?
3
Let v = 15 + 57. What is the units digit of v?
2
Suppose -98 = -16*q + 9*q. What is the units digit of q?
4
Let s(l) = -4*l - 9. What is the tens digit of s(-8)?
2
Suppose 54 = 2*v - 68. What is the units digit of v?
1
Suppose 0*h - 5*h = -2*b + 78, -5*b - h + 141 = 0. What is the tens digit of b?
2
Let o = 61 - 28. What is the units digit of o?
3
Let w(u) be the second derivative of u**5/20 + u**4/3 + u**3/6 - 3*u**2/2 - 8*u. Let b(l) = -l. Let m be b(3). What is the units digit of w(m)?
3
Let f(s) = s + 5. Let i be f(-5). What is the units digit of (i + 0 - -5)*1?
5
Let h = 8 + -8. Suppose 3*k = -3*g + 51, h = g + 2*k - 8 - 14. What is the units digit of g?
2
Suppose -10 = -q + 5*c, -3*c = 3*q + 2*c + 10. What is the units digit of (-38 - 3)*(q + -1)?
1
Let q(i) = i**3 + 7*i**2 + i - 2. What is the units digit of q(-6)?
8
Let n be (-46)/(-11) - (-10)/(-55). Suppose 38 = n*q - 6. What is the tens digit of q?
1
Suppose 33*z - 28*z = 900. What is the tens digit of z?
8
Suppose 3*k - 2*u = 0, 3*u - 7*u = 2*k - 16. Let n be ((-6)/8 + k)*4. Suppose -3*x = -6*x + n*g - 14, g = -3*x + 10. What is the units digit of x?
2
Suppose 0 = -o + 5*d + 84, -d - 115 = -3*o + 81. What is the tens digit of o?
6
Suppose -w - 4 + 22 = 0. Suppose 0 = -b + 4*b + w. What is the units digit of b/(-8) + 1/4?
1
Suppose 0 = -2*m - 2*u + 8, -4*m + u + 11 = -0. Suppose -3*a + 39 = x, m*x + 65 = 5*a - a. What is the tens digit of a?
1
Let o = 11 + 28. What is the tens digit of o?
3
Suppose -4*n + 8 = 0, 5*r + n - 19 = 4*n. Suppose -s = -2*d + 10, s + 15 = 3*d + r*s. What is the units digit of d?
5
Suppose h + 1 = 4*w - 2, -4*h - w = -39. Suppose t + 2*r = 0, t - 24 = 3*r - h. What is the units digit of t?
6
Suppose -13 = -3*h + 41. What is the tens digit of h?
1
Suppose 0*p = 5*p - 10. Let v(u) = -3*u + 3*u + 5*u - 3. What is the units digit of v(p)?
7
Let y = -15 + 55. Suppose 4*p = 9*p - y. What is the units digit of p?
8
Let z(v) = v + 3*v - 3*v + 3 + 5. Let o be z(-5). Suppose